= 22 + -8. Let t be v/(-21)*(-15)/(-2). Let n(d) be the first derivative of -d**2/2 - d - 1. Give n(t).
4
Let t(f) = 2*f**3 + 6*f**2 + 7*f. Let p(x) = -x**3 - 4*x**2 - 5*x - 1. Let b(h) = 3*p(h) + 2*t(h). Give b(0).
-3
Let u(j) = -7*j - 7. Let d(o) = 3*o + 2. Let g(f) = -5*d(f) - 2*u(f). Give g(-3).
7
Suppose z + 22 = 5*t, 5*z + 5*t = 102 - 92. Let c(w) = 4*w. Let d(f) = -11*f. Let p(j) = -8*c(j) - 3*d(j). Give p(z).
-2
Suppose 0 = -5*g + 42 + 308. Let x(n) = -149*n + 76*n + 0 + 1 + g*n. Give x(-6).
19
Let p(f) = 11*f + 1. Let c(v) = v. Suppose 3*d = d - 6. Let l(o) = d*c(o) + p(o). Suppose 0 = -4*i + 3*z + 2, -5*i = z + 4 + 3. Give l(i).
-7
Let x(b) be the second derivative of 0 - 1/360*b**6 + 1/30*b**5 + 1/6*b**4 + 0*b**3 - 5*b + 0*b**2. Let o(j) be the third derivative of x(j). What is o(6)?
-8
Let z be ((-5)/(-2))/((-2)/4). Let a(u) = -u**3 - 5*u**2 - 2*u + 5. Let c be a(z). Let d(w) = 14*w**3 - c*w**3 - 3 - w**2 + 5*w - w**2. Determine d(-4).
9
Suppose -2*b + 5*i - i + 3652 = 0, -b - 5*i = -1798. Let q(l) = 1818 + 5*l - b - l**2. Give q(5).
0
Let h(n) = n. Let v(j) = j**2 - 8*j - 2. Let p(x) = -6*h(x) - v(x). Let s(o) = o**2 + 62*o + 3. Let t be s(0). Give p(t).
-1
Let k(l) be the first derivative of 0*l - 1/8*l**4 + 1/120*l**5 - 1 + 11/3*l**3 + 0*l**2. Let g(j) be the third derivative of k(j). What is g(7)?
4
Let m(v) = v**2 - 4*v - 8. Let s be m(6). Suppose 2*d - s = -0*d + 2*r, -3*r + 4 = -d. Let h(a) = -10*a**2 + a**2 + d*a**2 - a**3 - a. What is h(-3)?
-6
Let j(r) = r**3 - 2*r**2 - 13*r - 11. Suppose -585*a + 575*a = -50. What is j(a)?
-1
Let v(p) = -p + 3. Suppose 6 = -5*y + 3*y. What is v(y)?
6
Let q(x) be the first derivative of -x**3/3 + x**2 + 2*x + 2. Let n be q(2). Let g(s) = -s + 7. Let b(p) = 1. Let a(t) = 3*b(t) - g(t). Calculate a(n).
-2
Let v(i) = -i**2 + 7*i - 10. Let h(y) = y - 8. Suppose -8 = -u + 7. Let r be h(u). Calculate v(r).
-10
Let m(c) = -c**3 + 5*c**2 - 2*c + 2. Let v be m(5). Let w be (-8)/(4/v*-2). Let l(g) = g**2 + 7*g - 9. What is l(w)?
-1
Let z(h) = h - 2. Suppose 2*w + 3*w + 1 = -3*d, w - 19 = -3*d. Let g(m) = -m**3 + 8*m**2 + 2*m - 4. Let q be g(d). Suppose -2*o - q = -5*o. Determine z(o).
2
Suppose 2*f - 5*x + 14 = -7, f + x - 7 = 0. Let a(c) be the third derivative of -8*c**2 + 1/2*c**3 - 1/12*c**4 + 0*c + 1/60*c**5 + 0. Give a(f).
3
Let h = -780 + 788. Let u(l) = -l**3 + 7*l**2 + 5*l + 9. Calculate u(h).
-15
Let z(q) be the second derivative of -q**6/120 - q**5/60 - 13*q**4/6 - 19*q. Let r(w) be the third derivative of z(w). Determine r(-2).
10
Let w(h) = h**2 - 2*h - 8. Let b(p) = 5 - 26 + 9 + 11. Let l(r) = -1. Let f(u) = -b(u) + 2*l(u). Let g(v) = 5*f(v) - w(v). What is g(4)?
-5
Let i(t) = 3*t**3 + 3*t**2 + 5*t - 12. Let l(m) = -m**3 - 2*m**2 - 3*m + 6. Let o(d) = 2*i(d) + 5*l(d). Let f = -142 + 147. Determine o(f).
6
Let b(w) = 7607 - w - 7607 + 5*w**2. Give b(1).
4
Let l(a) = -a - 3. Suppose 4 = 2*h - z, 57*h - 53*h - 2 = 5*z. Calculate l(h).
-6
Let b(j) = -j + 3. Let n(z) = 3*z + 7. Let t(q) = -4*b(q) - n(q). Determine t(0).
-19
Let z(f) be the second derivative of -5/2*f**2 + 1/12*f**4 + 15*f - 5/6*f**3 + 0. Calculate z(7).
9
Let z(n) = n**2 - 25*n + 44. Let w be z(20). Let v = w - -50. Let u(g) = 1 - g + 2 + 2*g. What is u(v)?
-3
Let d(s) = s**3 + 6*s**2 + 4*s + 7. Let u(l) = -l**2 + 6*l + 11. Let m(j) = -j**3 + j**2 + 2*j. Let w be m(-2). Let r be u(w). What is d(r)?
12
Let a(m) = m + 2. Suppose 12 = 2*x + 5*u - u, 5*u + 15 = 5*x. Suppose -3*s + 6 = 0, -x*f - 3*s = -f - 54. Let g = 12 - f. What is a(g)?
-2
Suppose 20 = 4*v - 0*v. Suppose v*t = 12 + 3. Let z(l) = -1. Let n(r) = -r - 4. Let h(c) = n(c) - 3*z(c). Calculate h(t).
-4
Suppose 0*t - 3*t = -9. Let c be ((-6)/(-8))/(t/24). Let b(p) = -p**3 + 7*p**2 - 5*p + 2. Determine b(c).
8
Suppose -26*s - 118 = 38. Let b(y) = -y**3 - 7*y**2 - 3*y + 3. Give b(s).
-15
Let d(n) = -n**2 + 8*n - 8. Suppose -w + g - 19 = -24, 18 = 2*w + 2*g. Calculate d(w).
-1
Suppose 6*s - 3 = 123. Let q = 14 - s. Let t(g) = g**2 + 5*g - 7. Give t(q).
7
Let y(v) = v. Let n(d) = -9*d + 1. Let u(r) = -n(r) + 4*y(r). What is u(2)?
25
Let i(k) = -3*k. Let y be i(3). Let j(z) be the second derivative of z**3/6 + 13*z**2/2 + 324*z - 4. What is j(y)?
4
Let d(o) be the first derivative of -9*o - 3/2*o**2 - 7. Let l(h) = -h**2 - 4*h + 6. Let n be l(-6). Calculate d(n).
9
Let z = 11 + -10. Let g(a) = -8*a**2 + 4*a. Let q(o) = o. Let t(v) = -g(v) + 3*q(v). Calculate t(z).
7
Let v(f) = -f - f + f + 0. Give v(-5).
5
Let v(m) = 14*m + 6*m + 6*m + 23 - 23*m. What is v(-5)?
8
Let z be 1745/(-10) - 6/(-4). Let w = 164 + z. Let y(n) = -n**3 - 8*n**2 + 10*n - 3. Determine y(w).
-12
Let r(s) = -6*s + 11*s - 9 - s - 2*s. Let d be r(7). Let x(v) be the first derivative of -v**3/3 + 5*v**2/2 + 5*v + 2. Give x(d).
5
Let z(b) be the second derivative of -b**4/12 + 2*b**3 + 7*b**2/2 + 2*b + 97. What is z(12)?
7
Let a(x) = x - 1. Suppose -3*d + 86 = 2*u, -4*u = -2*d - 2*d + 128. Suppose -o = -6*o - d. Let t(l) = -l**3 - 6*l**2 - 2*l - 6. Let n be t(o). Determine a(n).
5
Let f(z) = z**2 + 4*z + 6. Suppose -q + 3*r = -41, 2*r = -5 - 1. Suppose n - 9*n - q = 0. Give f(n).
6
Let p(r) = -7*r**2 - 4*r. Let q(v) = -7*v**2 - 3*v. Let x(m) = -2*p(m) + 3*q(m). Calculate x(-1).
-6
Let n(f) = -f + 5. Let t be (66 - 4) + (1 - -3). Let w = t - 55. Determine n(w).
-6
Let r(g) = -12*g - g**3 - 2*g + 3 + 5*g**2 + 9*g. Calculate r(4).
-1
Let b(a) = -5819*a + 4 + 5817*a + 2 + 11 - a**2. Determine b(-5).
2
Let p(f) = f**2 - 2*f + 1. Suppose -2*h + 54 = 58. Let n be 85/25 + 6/10 + h. What is p(n)?
1
Let x(m) be the third derivative of m**6/120 + m**5/10 + 7*m**4/24 + 4*m**3/3 - 450*m**2. Determine x(-5).
-2
Let o = -10 - -50. Suppose 0*n = 2*t + 5*n - 45, -2*n + o = 3*t. Let u(z) = -3 + 6*z + t + z**2 - 5. What is u(-4)?
-6
Suppose 27*m + 64*m - 728 = 0. Let t(z) be the first derivative of 2*z + m + 8/3*z**3 - 7/2*z**2 - 1/4*z**4. Calculate t(7).
2
Let s(g) = g**2 - 4*g + 4. Let t(a) = -8*a + 251. Let f be t(31). What is s(f)?
1
Suppose 11*t = 7*t. Suppose 0*h - h - 2 = t. Let v(n) = n**2 - 2. Determine v(h).
2
Let j(z) = -z - 1. Let i(q) = -q**3 + 6*q**2 - 5*q - 6. Let r(l) = -i(l) + 5*j(l). Let t = 1625 - 1619. Give r(t).
1
Let o = 1007/15 - 334/5. Let a(f) be the first derivative of -1/2*f**2 - f + 2 - o*f**3 + 3/2*f**4. Calculate a(-1).
-7
Let p(m) = -3*m**3 - 9*m**2 + 3*m - 6. Let y(n) = n**3 + 3*n**2 - n + 2. Let t = 29 - 46. Let x(w) = t*y(w) - 6*p(w). Calculate x(-3).
5
Suppose 0 = -10*n + 40*n - 240. Let u(b) = b**3 - 8*b**2 + 3*b - 10. Give u(n).
14
Let m(s) = -2*s**2 + s - 4. Let j(z) = 1. Let v(i) = 5*j(i) + m(i). Let u be 11/(-71 + 5)*6. What is v(u)?
-2
Suppose -504 = 9*g - 378. Let l(u) = u**3 + 14*u**2 - 1. What is l(g)?
-1
Let z(w) = w**3 + w**2 - 8*w - 4. Let f(o) = o**3 - 5*o**2 - 12*o - 18. Let y be f(7). Calculate z(y).
-20
Let y(q) = -11*q**2 + 7 + 10*q**2 + 4*q - 7. Let o be 12/7 + (-6)/(-21). Suppose 0*j = -o*j + 6. What is y(j)?
3
Let l(i) = -i**3 - 6*i**2 - 7*i. Let s(r) = -r + 1. Let b be s(-6). Let p(y) = -y + 16. Let g be p(b). Let z be (-6)/g + 13/(-3). What is l(z)?
10
Let v = 17 - 6. Let p = 7 - v. Let x(m) be the third derivative of m**4/24 + m**3/3 - 60*m**2. Calculate x(p).
-2
Let v(q) = 2*q. Let f(x) = -2*x - 1. Let j = -42 - -48. Let h(g) = j*v(g) + 5*f(g). Determine h(6).
7
Suppose -q = -4*j + 3, 0 = -4*j - 4*q - 0*q + 8. Let y(c) be the second derivative of -1/4*c**4 - 1/2*c**2 + 0 - 5*c + 1/3*c**3. What is y(j)?
-2
Let c(t) = -t - 6. Let w(v) = -5*v - 29. Let m(o) = 11*c(o) - 2*w(o). Calculate m(-7).
-1
Let w(a) = a**3 - 7*a**2 + 7*a - 5. Let p be (5/3)/(2/(-6)). Let y = 177 - 166. Let r = p + y. Give w(r).
1
Let w(k) = -22*k - 86. Let a be w(-4). Let m(q) be the first derivative of 1 + q + 1/2*q**a. Determine m(2).
3
Let p(r) be the second derivative of r**5/20 + r**4/4 + r**3/6 - r**2 + 3*r. Suppose 0 = 2*s - 14*y + 9*y - 21, -3*y - 9 = -3*s. Calculate p(s).
0
Suppose 1 + 9 = 5*w. Let r(c) = -1 + 2*c - c**w + 4*c - 4. Calculate r(4).
3
Let w(m) = 4*m - 3*m - 8*m - 2 + 5*m. Let y = 6 - 6. Suppose 3*i + y*i - 5*d + 13 = 0, -3*d + 7 = -2*i. Determine w(i).
-10
Let t(j) = 5*j. Let u(n) = 25*n**3 - 13*n**3 - 11*n**3 - 2*n + 6 - 5*n**2. Let b be u(5). Let r be 12/(-18)*6/b. 